{"id":726,"date":"2025-09-03T12:27:16","date_gmt":"2025-09-03T12:27:16","guid":{"rendered":"https:\/\/shop.bsw-bioscience.com\/?post_type=product&#038;p=726"},"modified":"2025-09-03T12:45:01","modified_gmt":"2025-09-03T12:45:01","slug":"reinigungsfeuchttuecher-im-spender-eimer-90-stueck-in-spezialreiniger-getraenkt","status":"publish","type":"product","link":"https:\/\/shop.bsw-bioscience.com\/?product=reinigungsfeuchttuecher-im-spender-eimer-90-stueck-in-spezialreiniger-getraenkt","title":{"rendered":"Reinigungsfeuchtt\u00fccher im Spender-Eimer (90 St\u00fcck, in Spezialreiniger getr\u00e4nkt)"},"content":{"rendered":"<p>Biologisch abbaubare Reinigungst\u00fccher, 90 St\u00fcck pro Rolle, im Spender-Eimer. Die T\u00fccher sind in unserem Spezialreiniger getr\u00e4nkt und ideal f\u00fcr die Fl\u00e4chenreinigung.<\/p>\n<p>Tuch-Format: 30 x 32 cm.<\/p>\n<p>Der Spezialreiniger ist biologisch abbaubar und dermatologisch getestet.<\/p>\n<p>Artikel-Nr.: 82015-FT90<\/p>\n","protected":false},"excerpt":{"rendered":"<p>Biologisch abbaubare T\u00fccher mit dermatologisch getestetem, biologisch abbaubarem Reinigungsmittel!<\/p>\n","protected":false},"featured_media":487,"template":"","meta":[],"product_brand":[],"product_cat":[19],"product_tag":[46,47,48,45],"class_list":{"0":"post-726","1":"product","2":"type-product","3":"status-publish","4":"has-post-thumbnail","6":"product_cat-tierhaltung","7":"product_tag-eimer","8":"product_tag-feuchttuecher","9":"product_tag-reinigung","10":"product_tag-tuch","12":"first","13":"instock","14":"taxable","15":"shipping-taxable","16":"purchasable","17":"product-type-simple"},"jetpack_sharing_enabled":true,"_links":{"self":[{"href":"https:\/\/shop.bsw-bioscience.com\/index.php?rest_route=\/wp\/v2\/product\/726","targetHints":{"allow":["GET"]}}],"collection":[{"href":"https:\/\/shop.bsw-bioscience.com\/index.php?rest_route=\/wp\/v2\/product"}],"about":[{"href":"https:\/\/shop.bsw-bioscience.com\/index.php?rest_route=\/wp\/v2\/types\/product"}],"wp:featuredmedia":[{"embeddable":true,"href":"https:\/\/shop.bsw-bioscience.com\/index.php?rest_route=\/wp\/v2\/media\/487"}],"wp:attachment":[{"href":"https:\/\/shop.bsw-bioscience.com\/index.php?rest_route=%2Fwp%2Fv2%2Fmedia&parent=726"}],"wp:term":[{"taxonomy":"product_brand","embeddable":true,"href":"https:\/\/shop.bsw-bioscience.com\/index.php?rest_route=%2Fwp%2Fv2%2Fproduct_brand&post=726"},{"taxonomy":"product_cat","embeddable":true,"href":"https:\/\/shop.bsw-bioscience.com\/index.php?rest_route=%2Fwp%2Fv2%2Fproduct_cat&post=726"},{"taxonomy":"product_tag","embeddable":true,"href":"https:\/\/shop.bsw-bioscience.com\/index.php?rest_route=%2Fwp%2Fv2%2Fproduct_tag&post=726"}],"curies":[{"name":"wp","href":"https:\/\/api.w.org\/{rel}","templated":true}]}}