{"id":88,"date":"2024-08-27T07:42:11","date_gmt":"2024-08-27T07:42:11","guid":{"rendered":"https:\/\/shop.bsw-bioscience.com\/?page_id=88"},"modified":"2024-10-01T15:12:15","modified_gmt":"2024-10-01T15:12:15","slug":"gebaeudereinigung","status":"publish","type":"page","link":"https:\/\/shop.bsw-bioscience.com\/?page_id=88","title":{"rendered":"Geb\u00e4udereinigung"},"content":{"rendered":"\n<blockquote class=\"wp-block-quote is-layout-flow wp-block-quote-is-layout-flow\">\n<h3 class=\"wp-block-heading\">\u00dcberdenken Sie Ihren Chemikalieneinsatz bei der Geb\u00e4udereinigung!<\/h3>\n<\/blockquote>\n\n\n\n<blockquote class=\"wp-block-quote is-layout-flow wp-block-quote-is-layout-flow\">\n<p>Ist der Einsatz von synthetischen Tensiden, langkettigen Kohlenwasserstoffen, organischen L\u00f6sungsmitteln, synthetischen Schaumbildnern, Komplexbildnern, Farbstoffen, Duftstoffen und hohen Konzentrationen anorganischer S\u00e4uren -wie sie in herk\u00f6mmlichen Reinigungsmitteln zu finden sind- wirklich f\u00fcr die Beseitigung von nat\u00fcrlichen Verschmutzungen (z.B. Nikotin, Koffein, Fett, Eiwei\u00df, Blut, Urin) notwendig? \u00dcberdenken Sie Ihren Chemikalieneinsatz bei der Objektreinigung!<\/p>\n\n\n\n<p><strong>Wir, die BSW-Bio-Science GmbH, haben ein praxisorientiertes Reinigungssystem entwickelt, dass mit anwender- und umweltfreundlicheren Reinigungsmitteln ohne Mineral\u00f6lprodukte auskommt. Unser System hat sich bereits mehrere Jahre erfolgreich im Bereich der Lebensmittelindustrie, Lebensmittelherstellung und Lebensmittelverarbeitung etabliert und ist auch f\u00fcr die Geb\u00e4ude- und Objektreinigung eine echte Alternative!<\/strong><\/p>\n\n\n\n<p>Profitieren Sie von hoher Anwendersicherheit!<\/p>\n\n\n\n<h3 class=\"wp-block-heading\">Handeln Sie nachhaltig!<\/h3>\n\n\n\n<p>BSW-Bio-Science GmbH<\/p>\n<\/blockquote>\n\n\n\n<h3 class=\"wp-block-heading\">Unsere Reinigungsmittelprodukte f\u00fcr die Objektreinigung:<\/h3>\n\n\n\n<h4 class=\"wp-block-heading\">Spezialreiniger, Fliesen- &amp; Stein-Reiniger -K-, Fl\u00e4chen-Entkalker, MultiCleaner -K-, Universal-Kraftreiniger -i-<\/h4>\n\n\n\n<p>\u201eAnwenderfreundlich, materialschonend, effektiv!\u201c<br>Reinigungsmittel ohne Mineral\u00f6lprodukte! Beseitigen Sie Biofilme auf Oberfl\u00e4chen und bewahren Sie die Rutschfestigkeit Ihrer Fliesenb\u00f6den!<\/p>\n\n\n\n<figure class=\"wp-block-jetpack-image-compare\"><div class=\"juxtapose\" data-mode=\"horizontal\"><img loading=\"lazy\" decoding=\"async\" id=\"223\" src=\"https:\/\/shop.bsw-bioscience.com\/wp-content\/uploads\/2024\/08\/Bild7.jpg\" alt=\"\" width=\"720\" height=\"1078\" class=\"image-compare__image-before\"\/><img loading=\"lazy\" decoding=\"async\" id=\"224\" src=\"https:\/\/shop.bsw-bioscience.com\/wp-content\/uploads\/2024\/08\/Bild8.jpg\" alt=\"\" width=\"722\" height=\"1083\" class=\"image-compare__image-after\"\/><\/div><figcaption>links: Biofilme in Fugen und auf Fliesen vor der Reinigung\/ rechtes Bild: Fliesenboden nach der Reinigung mit BSW-Bio-Science Fliesen- &amp; Stein-Reiniger -K-<\/figcaption><\/figure>\n\n\n\n<h3 class=\"wp-block-heading\">Unsere Produkte f\u00fcr die Geb\u00e4udereinigung:<\/h3>\n\n\n\n<figure class=\"wp-block-table is-style-stripes\"><table class=\"has-fixed-layout\"><thead><tr><th>BSW-Bio-Science Produktname<\/th><th>Beschreibung<\/th><th>Gebinde<\/th><\/tr><\/thead><tbody><tr><td><strong><a href=\"https:\/\/shop.bsw-bioscience.com\/?page_id=233\" data-type=\"page\" data-id=\"233\">Spezialreiniger<\/a><\/strong><\/td><td><strong>Universalreiniger f\u00fcr die Objektreinigung (Haushaltsreiniger, Sanit\u00e4rreiniger, Wischreiniger f\u00fcr Fliesen oder Laminat, Teppichreiniger, Polsterreiniger, Lederreiniger). Einsatz in Teppichreinigungsmaschinen und Scheuer-Saug-Maschinen m\u00f6glich.<\/strong><\/td><td>500ml-Spr\u00fchflasche,<br>5-Liter-Kanister,<br>10-Liter-Kanister,<br>20-Liter-Kanister,<br>600-Liter-IBC-Box,<br>1000-Liter-IBC-Box.<\/td><\/tr><tr><td><strong><a href=\"https:\/\/shop.bsw-bioscience.com\/?page_id=249\" data-type=\"page\" data-id=\"249\">Fliesen- &amp; Stein-Reiniger -K-<\/a><\/strong><\/td><td><strong>Konzentrat zur Beseitigung von Biofilmen auf Fliesen- und Natursteinb\u00f6den mit Ausnahme von Marmor. Einsatz in Scheuer-Saug-Maschine m\u00f6glich.<\/strong><\/td><td>10-Liter-Kanister,<br>20-Liter-Kanister,<br>600-Liter-IBC-Box,<br>1000-Liter-IBC-Box.<\/td><\/tr><tr><td><strong><a href=\"https:\/\/shop.bsw-bioscience.com\/?page_id=252\" data-type=\"page\" data-id=\"252\">Fl\u00e4chen-Entkalker<\/a><\/strong><\/td><td><strong>Reinigungsmittel zur Beseitigung von Kalkr\u00fcckst\u00e4nden<\/strong> <strong>(nur f\u00fcr gewerbliche Zwecke).<\/strong><\/td><td>500ml-Spr\u00fchflasche,<br>5-Liter-Kanister,<br>10-Liter-Kanister,<br>20-Liter-Kanister,<br>600-Liter-IBC-Box,<br>1000-Liter-IBC-Box.<\/td><\/tr><tr><td><a href=\"https:\/\/shop.bsw-bioscience.com\/?page_id=284\" data-type=\"page\" data-id=\"284\"><strong>MultiCleaner -K-<\/strong><\/a><\/td><td><strong>Universalreiniger-Konzentrat f\u00fcr die Geb\u00e4udereinigung<\/strong><\/td><td>10-Liter-Kanister,<br>20-Liter-Kanister,<br>600-Liter-IBC-Box,<br>1000-Liter-IBC-Box.<\/td><\/tr><tr><td><strong><a href=\"https:\/\/shop.bsw-bioscience.com\/?page_id=254\" data-type=\"page\" data-id=\"254\">Universal-Kraftreiniger -i-<\/a><\/strong><\/td><td><strong>Konzentrat zur Beseitigung hartn\u00e4ckiger Verkrustungen (nur f\u00fcr gewerbliche Zwecke)<\/strong>.<\/td><td>10-Liter-Kanister,<br>20-Liter-Kanister,<br>600-Liter-IBC-Box,<br>1000-Liter-IBC-Box.<\/td><\/tr><\/tbody><\/table><figcaption class=\"wp-element-caption\">PREISE und Informationen zu den Produkten AUF ANFRAGE!<\/figcaption><\/figure>\n\n\n\n<figure class=\"wp-block-gallery has-nested-images columns-default is-cropped wp-block-gallery-1 is-layout-flex wp-block-gallery-is-layout-flex\">\n<figure class=\"wp-block-image size-large\"><img loading=\"lazy\" decoding=\"async\" width=\"1024\" height=\"683\" data-id=\"63\" src=\"https:\/\/shop.bsw-bioscience.com\/wp-content\/uploads\/2024\/08\/Logoentwurf_FINAL_2020-10-26-1024x683.jpg\" alt=\"\" class=\"wp-image-63\" srcset=\"https:\/\/shop.bsw-bioscience.com\/wp-content\/uploads\/2024\/08\/Logoentwurf_FINAL_2020-10-26-1024x683.jpg 1024w, https:\/\/shop.bsw-bioscience.com\/wp-content\/uploads\/2024\/08\/Logoentwurf_FINAL_2020-10-26-scaled-600x400.jpg 600w, https:\/\/shop.bsw-bioscience.com\/wp-content\/uploads\/2024\/08\/Logoentwurf_FINAL_2020-10-26-300x200.jpg 300w, https:\/\/shop.bsw-bioscience.com\/wp-content\/uploads\/2024\/08\/Logoentwurf_FINAL_2020-10-26-768x512.jpg 768w, https:\/\/shop.bsw-bioscience.com\/wp-content\/uploads\/2024\/08\/Logoentwurf_FINAL_2020-10-26-1536x1024.jpg 1536w, https:\/\/shop.bsw-bioscience.com\/wp-content\/uploads\/2024\/08\/Logoentwurf_FINAL_2020-10-26-2048x1365.jpg 2048w, https:\/\/shop.bsw-bioscience.com\/wp-content\/uploads\/2024\/08\/Logoentwurf_FINAL_2020-10-26-1320x880.jpg 1320w\" sizes=\"auto, (max-width: 1024px) 100vw, 1024px\" \/><\/figure>\n\n\n\n<figure class=\"wp-block-image size-large\"><img loading=\"lazy\" decoding=\"async\" width=\"1024\" height=\"711\" data-id=\"65\" src=\"https:\/\/shop.bsw-bioscience.com\/wp-content\/uploads\/2024\/08\/iStock-1133795142-1024x711.jpg\" alt=\"\" class=\"wp-image-65\" srcset=\"https:\/\/shop.bsw-bioscience.com\/wp-content\/uploads\/2024\/08\/iStock-1133795142-1024x711.jpg 1024w, https:\/\/shop.bsw-bioscience.com\/wp-content\/uploads\/2024\/08\/iStock-1133795142-300x208.jpg 300w, https:\/\/shop.bsw-bioscience.com\/wp-content\/uploads\/2024\/08\/iStock-1133795142-768x533.jpg 768w, https:\/\/shop.bsw-bioscience.com\/wp-content\/uploads\/2024\/08\/iStock-1133795142-1536x1066.jpg 1536w, https:\/\/shop.bsw-bioscience.com\/wp-content\/uploads\/2024\/08\/iStock-1133795142-2048x1421.jpg 2048w, https:\/\/shop.bsw-bioscience.com\/wp-content\/uploads\/2024\/08\/iStock-1133795142-1320x916.jpg 1320w, https:\/\/shop.bsw-bioscience.com\/wp-content\/uploads\/2024\/08\/iStock-1133795142-600x416.jpg 600w\" sizes=\"auto, (max-width: 1024px) 100vw, 1024px\" \/><\/figure>\n<\/figure>\n","protected":false},"excerpt":{"rendered":"<p>\u00dcberdenken Sie Ihren Chemikalieneinsatz bei der Geb\u00e4udereinigung! Ist der Einsatz von synthetischen Tensiden, langkettigen Kohlenwasserstoffen, organischen L\u00f6sungsmitteln, synthetischen Schaumbildnern, Komplexbildnern, Farbstoffen, Duftstoffen und hohen Konzentrationen anorganischer S\u00e4uren -wie sie in herk\u00f6mmlichen Reinigungsmitteln zu finden sind- wirklich f\u00fcr die Beseitigung von nat\u00fcrlichen Verschmutzungen (z.B. Nikotin, Koffein, Fett, Eiwei\u00df, Blut, Urin) notwendig? \u00dcberdenken Sie Ihren Chemikalieneinsatz bei [&hellip;]<\/p>\n","protected":false},"author":3,"featured_media":68,"parent":90,"menu_order":0,"comment_status":"closed","ping_status":"closed","template":"template_fullwidth.php","meta":{"footnotes":""},"class_list":["post-88","page","type-page","status-publish","has-post-thumbnail","hentry"],"jetpack_sharing_enabled":true,"_links":{"self":[{"href":"https:\/\/shop.bsw-bioscience.com\/index.php?rest_route=\/wp\/v2\/pages\/88","targetHints":{"allow":["GET"]}}],"collection":[{"href":"https:\/\/shop.bsw-bioscience.com\/index.php?rest_route=\/wp\/v2\/pages"}],"about":[{"href":"https:\/\/shop.bsw-bioscience.com\/index.php?rest_route=\/wp\/v2\/types\/page"}],"author":[{"embeddable":true,"href":"https:\/\/shop.bsw-bioscience.com\/index.php?rest_route=\/wp\/v2\/users\/3"}],"replies":[{"embeddable":true,"href":"https:\/\/shop.bsw-bioscience.com\/index.php?rest_route=%2Fwp%2Fv2%2Fcomments&post=88"}],"version-history":[{"count":11,"href":"https:\/\/shop.bsw-bioscience.com\/index.php?rest_route=\/wp\/v2\/pages\/88\/revisions"}],"predecessor-version":[{"id":469,"href":"https:\/\/shop.bsw-bioscience.com\/index.php?rest_route=\/wp\/v2\/pages\/88\/revisions\/469"}],"up":[{"embeddable":true,"href":"https:\/\/shop.bsw-bioscience.com\/index.php?rest_route=\/wp\/v2\/pages\/90"}],"wp:featuredmedia":[{"embeddable":true,"href":"https:\/\/shop.bsw-bioscience.com\/index.php?rest_route=\/wp\/v2\/media\/68"}],"wp:attachment":[{"href":"https:\/\/shop.bsw-bioscience.com\/index.php?rest_route=%2Fwp%2Fv2%2Fmedia&parent=88"}],"curies":[{"name":"wp","href":"https:\/\/api.w.org\/{rel}","templated":true}]}}