{"id":243,"date":"2024-09-03T12:16:34","date_gmt":"2024-09-03T12:16:34","guid":{"rendered":"https:\/\/shop.bsw-bioscience.com\/?page_id=243"},"modified":"2026-03-06T10:32:49","modified_gmt":"2026-03-06T10:32:49","slug":"eiweissloeser","status":"publish","type":"page","link":"https:\/\/shop.bsw-bioscience.com\/?page_id=243","title":{"rendered":"Eiwei\u00dfl\u00f6ser"},"content":{"rendered":"\n<h2 class=\"wp-block-heading\">Eiwei\u00dfl\u00f6ser<\/h2>\n\n\n\n<h2 class=\"wp-block-heading\">Oberfl\u00e4chenreinigung im Bereich Lebensmittelverarbeitung<\/h2>\n\n\n\n<p>Unser&nbsp;<strong>Eiwei\u00dfl\u00f6ser<\/strong>&nbsp;ist gelistet in der Betriebsmittelliste Deutschland resp. FiBL-Liste \u00d6ko-Verarbeitung.<\/p>\n\n\n\n<div data-wp-interactive=\"core\/file\" class=\"wp-block-file\"><object data-wp-bind--hidden=\"!state.hasPdfPreview\" hidden class=\"wp-block-file__embed\" data=\"https:\/\/shop.bsw-bioscience.com\/wp-content\/uploads\/2025\/09\/Konformitaetserklaerung-BSW-Bio-Science-Eiweissloeser-gueltig-bis-31-12-2026.pdf\" type=\"application\/pdf\" style=\"width:100%;height:200px\" aria-label=\"Einbettung von Konformitaetserklaerung BSW-Bio-Science Eiweissloeser gueltig bis 31-12-2026.\"><\/object><a id=\"wp-block-file--media-6b9a117c-a437-4d30-aa29-b0f473ffb74c\" href=\"https:\/\/shop.bsw-bioscience.com\/wp-content\/uploads\/2025\/09\/Konformitaetserklaerung-BSW-Bio-Science-Eiweissloeser-gueltig-bis-31-12-2026.pdf\">Konformitaetserklaerung BSW-Bio-Science Eiweissloeser gueltig bis 31-12-2026<\/a><a href=\"https:\/\/shop.bsw-bioscience.com\/wp-content\/uploads\/2025\/09\/Konformitaetserklaerung-BSW-Bio-Science-Eiweissloeser-gueltig-bis-31-12-2026.pdf\" class=\"wp-block-file__button wp-element-button\" download aria-describedby=\"wp-block-file--media-6b9a117c-a437-4d30-aa29-b0f473ffb74c\">Herunterladen<\/a><\/div>\n\n\n\n<p>Mit unserem&nbsp;<strong>Eiwei\u00dfl\u00f6ser<\/strong>&nbsp;reinigen Sie effektiv und r\u00fcckstandslos und bieten so Bakterien und Keimen keinen neuen Lebensraum. Er beseitigt Biofilme, organische Verschmutzungen wie z.B. Proteine, Fette, Koffein und sogar Verf\u00e4rbungen durch Gew\u00fcrze.<\/p>\n\n\n\n<p>Der&nbsp;<strong>Eiwei\u00dfl\u00f6ser&nbsp;<\/strong>hat eine hautfreundliche, alkalische Basis versetzt mit GMO\/GVO-freier Bio-Pflanzenseife. Er enth\u00e4lt keine petrochemischen Substanzen, Emulgatoren, Stabilisatoren, Farb- und Duftstoffe und ist daher ideal f\u00fcr die Oberfl\u00e4chenreinigung im Bereich der Lebensmittelverarbeitung.<\/p>\n\n\n\n<p>Unser&nbsp;<strong>Eiwei\u00dfl\u00f6ser<\/strong>&nbsp;ist biologisch abbaubar und dermatologisch getestet.<\/p>\n\n\n\n<div class=\"wp-block-media-text is-stacked-on-mobile\"><figure class=\"wp-block-media-text__media\"><img loading=\"lazy\" decoding=\"async\" width=\"829\" height=\"510\" src=\"https:\/\/shop.bsw-bioscience.com\/wp-content\/uploads\/2024\/08\/Dermatest-orig.png\" alt=\"\" class=\"wp-image-69 size-full\" srcset=\"https:\/\/shop.bsw-bioscience.com\/wp-content\/uploads\/2024\/08\/Dermatest-orig.png 829w, https:\/\/shop.bsw-bioscience.com\/wp-content\/uploads\/2024\/08\/Dermatest-orig-300x185.png 300w, https:\/\/shop.bsw-bioscience.com\/wp-content\/uploads\/2024\/08\/Dermatest-orig-768x472.png 768w, https:\/\/shop.bsw-bioscience.com\/wp-content\/uploads\/2024\/08\/Dermatest-orig-600x369.png 600w\" sizes=\"auto, (max-width: 829px) 100vw, 829px\" \/><\/figure><div class=\"wp-block-media-text__content\">\n<p>BSW-Bio-Science &#8222;Eiwei\u00dfl\u00f6ser&#8220;<\/p>\n<\/div><\/div>\n\n\n\n<p class=\"has-text-align-left has-small-font-size\">Datenbl\u00e4tter zum Produkt erhalten Sie unter der E-Mail-Adresse: info@bsw-bioscience.com.<\/p>\n","protected":false},"excerpt":{"rendered":"<p>Eiwei\u00dfl\u00f6ser Oberfl\u00e4chenreinigung im Bereich Lebensmittelverarbeitung Unser&nbsp;Eiwei\u00dfl\u00f6ser&nbsp;ist gelistet in der Betriebsmittelliste Deutschland resp. FiBL-Liste \u00d6ko-Verarbeitung. Mit unserem&nbsp;Eiwei\u00dfl\u00f6ser&nbsp;reinigen Sie effektiv und r\u00fcckstandslos und bieten so Bakterien und Keimen keinen neuen Lebensraum. Er beseitigt Biofilme, organische Verschmutzungen wie z.B. Proteine, Fette, Koffein und sogar Verf\u00e4rbungen durch Gew\u00fcrze. Der&nbsp;Eiwei\u00dfl\u00f6ser&nbsp;hat eine hautfreundliche, alkalische Basis versetzt mit GMO\/GVO-freier Bio-Pflanzenseife. Er enth\u00e4lt [&hellip;]<\/p>\n","protected":false},"author":3,"featured_media":66,"parent":240,"menu_order":5,"comment_status":"closed","ping_status":"closed","template":"","meta":{"footnotes":""},"class_list":["post-243","page","type-page","status-publish","has-post-thumbnail","hentry"],"jetpack_sharing_enabled":true,"_links":{"self":[{"href":"https:\/\/shop.bsw-bioscience.com\/index.php?rest_route=\/wp\/v2\/pages\/243","targetHints":{"allow":["GET"]}}],"collection":[{"href":"https:\/\/shop.bsw-bioscience.com\/index.php?rest_route=\/wp\/v2\/pages"}],"about":[{"href":"https:\/\/shop.bsw-bioscience.com\/index.php?rest_route=\/wp\/v2\/types\/page"}],"author":[{"embeddable":true,"href":"https:\/\/shop.bsw-bioscience.com\/index.php?rest_route=\/wp\/v2\/users\/3"}],"replies":[{"embeddable":true,"href":"https:\/\/shop.bsw-bioscience.com\/index.php?rest_route=%2Fwp%2Fv2%2Fcomments&post=243"}],"version-history":[{"count":8,"href":"https:\/\/shop.bsw-bioscience.com\/index.php?rest_route=\/wp\/v2\/pages\/243\/revisions"}],"predecessor-version":[{"id":786,"href":"https:\/\/shop.bsw-bioscience.com\/index.php?rest_route=\/wp\/v2\/pages\/243\/revisions\/786"}],"up":[{"embeddable":true,"href":"https:\/\/shop.bsw-bioscience.com\/index.php?rest_route=\/wp\/v2\/pages\/240"}],"wp:featuredmedia":[{"embeddable":true,"href":"https:\/\/shop.bsw-bioscience.com\/index.php?rest_route=\/wp\/v2\/media\/66"}],"wp:attachment":[{"href":"https:\/\/shop.bsw-bioscience.com\/index.php?rest_route=%2Fwp%2Fv2%2Fmedia&parent=243"}],"curies":[{"name":"wp","href":"https:\/\/api.w.org\/{rel}","templated":true}]}}