{"id":2,"date":"2024-08-25T08:25:48","date_gmt":"2024-08-25T08:25:48","guid":{"rendered":"https:\/\/shop.bsw-bioscience.com\/?page_id=2"},"modified":"2024-10-01T15:14:10","modified_gmt":"2024-10-01T15:14:10","slug":"sample-page","status":"publish","type":"page","link":"https:\/\/shop.bsw-bioscience.com\/?page_id=2","title":{"rendered":"Lebensmittelbranche"},"content":{"rendered":"\n<h3 class=\"wp-block-heading\">\u00dcberdenken Sie Ihren Chemikalieneinsatz bei der Reinigung lebensmittelverarbeitender Bereiche! &nbsp;Schonen Sie Anwender und Umwelt!<\/h3>\n\n\n\n<p>In den Bereichen der Lebensmittelherstellung und -verarbeitung ist die Reinigung der Kontaktfl\u00e4chen notwendig, um z.B. Eiwei\u00dfe, Fette, Blut und pathogene Keime zu beseitigen. Letztere f\u00fchren zum Verderben der Lebensmittel oder rufen Krankheiten beim Konsumenten hervor. Die Hygiene spielt in Lebensmittelbereichen eine entscheidende Rolle. Der Einsatz von Chemikalien ist f\u00fcr die Beseitigung von nat\u00fcrlichen, organischen Verschmutzungen h\u00e4ufig unn\u00f6tig hoch, belastet die Abw\u00e4sser, Anwender und besch\u00e4digt die Oberfl\u00e4chenstrukturen der Betriebseinrichtungen. Materialabtrag f\u00fchrt zu immer offenporigeren Oberfl\u00e4chen und damit immer gr\u00f6\u00dferen Lebensr\u00e4umen f\u00fcr Keime.<\/p>\n\n\n\n<p>Betriebe im Bereich der Lebensmittelerzeugung haben zurzeit aufgrund stark gestiegener Energiekosten und Rohstoffpreise, dazu geh\u00f6ren auch Wasser- und Abwasser-Geb\u00fchren, erhebliche Betriebskosten zu bew\u00e4ltigen.<\/p>\n\n\n\n<h3 class=\"wp-block-heading\">Wir, die BSW-Bio-Science GmbH, haben ein praxisorientiertes Reinigungssystem entwickelt, dass mit anwender- und umweltfreundlicheren Reinigungsmitteln ohne Mineral\u00f6lprodukte auskommt.<\/h3>\n\n\n\n<p>Unser System hat sich bereits mehrere Jahre erfolgreich im Bereich der Lebensmittelindustrie, Lebensmittelherstellung und Lebensmittelverarbeitung etabliert.<\/p>\n\n\n\n<p>Effektive Reinigung bei minimiertem Chemikalieneinsatz ist unser Ziel! Wir bieten Ihnen Reinigungsmittel ohne Mineral\u00f6lprodukte. Ideal f\u00fcr den Bio-Standard!<\/p>\n\n\n\n<h3 class=\"wp-block-heading\">Profitieren Sie von hoher Anwendersicherheit und minimierter Abwasserbelastung!<\/h3>\n\n\n\n<h1 class=\"wp-block-heading\">Handeln Sie nachhaltig!<\/h1>\n\n\n\n<h3 class=\"wp-block-heading\">BSW-Bio-Science Reinigungsmittelprodukte f\u00fcr die Lebensmittelindustrie\/ Lebensmittelherstellung und Lebensmittelverarbeitung:<\/h3>\n\n\n\n<p>Eiwei\u00dfl\u00f6ser, Eiwei\u00dfl\u00f6ser -K-, MultiCleaner -K-, Universal-Kraftreiniger -i-, Fliesen- &amp; Stein-Reiniger -K, Waschlotion liquid, Fl\u00e4chen-Entkalker, ZK 3NF3. Unsere Reinigungsmittel f\u00fcr die Lebensmittelbranche sind gelistet in der Betriebsmittelliste Deutschland resp. FiBL-Liste \u00d6ko-Verarbeitung!<\/p>\n\n\n\n<figure class=\"wp-block-image size-large\"><img loading=\"lazy\" decoding=\"async\" width=\"1024\" height=\"684\" src=\"https:\/\/shop.bsw-bioscience.com\/wp-content\/uploads\/2024\/10\/iStock-1170495626c-1024x684.jpg\" alt=\"\" class=\"wp-image-466\" srcset=\"https:\/\/shop.bsw-bioscience.com\/wp-content\/uploads\/2024\/10\/iStock-1170495626c-1024x684.jpg 1024w, https:\/\/shop.bsw-bioscience.com\/wp-content\/uploads\/2024\/10\/iStock-1170495626c-300x200.jpg 300w, https:\/\/shop.bsw-bioscience.com\/wp-content\/uploads\/2024\/10\/iStock-1170495626c-768x513.jpg 768w, https:\/\/shop.bsw-bioscience.com\/wp-content\/uploads\/2024\/10\/iStock-1170495626c-1536x1025.jpg 1536w, https:\/\/shop.bsw-bioscience.com\/wp-content\/uploads\/2024\/10\/iStock-1170495626c-2048x1367.jpg 2048w, https:\/\/shop.bsw-bioscience.com\/wp-content\/uploads\/2024\/10\/iStock-1170495626c-1320x881.jpg 1320w, https:\/\/shop.bsw-bioscience.com\/wp-content\/uploads\/2024\/10\/iStock-1170495626c-600x401.jpg 600w\" sizes=\"auto, (max-width: 1024px) 100vw, 1024px\" \/><\/figure>\n\n\n\n<figure class=\"wp-block-table is-style-stripes\"><table class=\"has-fixed-layout\"><thead><tr><th>BSW-Bio-Science Produktname<\/th><th>Beschreibung<\/th><th>Gebinde<\/th><\/tr><\/thead><tbody><tr><td><a href=\"https:\/\/shop.bsw-bioscience.com\/?page_id=243\" data-type=\"page\" data-id=\"243\"><strong>Eiwei\u00dfl\u00f6ser<\/strong><\/a><br><\/td><td><strong>Universalreiniger f\u00fcr die Beseitigung von organischen Verschmutzungen und Biofilmen<br>Ideal f\u00fcr die K\u00fcche\/ Kantine\/ Gastronomie.<\/strong><\/td><td>500ml-Spr\u00fchflasche,<br>5-Liter-Kanister,<br>10-Liter-Kanister,<br>20-Liter-Kanister,<br>600-Liter-IBC-Box,<br>1000-Liter-IBC-Box.<\/td><\/tr><tr><td><strong><a href=\"https:\/\/shop.bsw-bioscience.com\/?page_id=246\" data-type=\"page\" data-id=\"246\">Eiwei\u00dfl\u00f6ser -K-<\/a><\/strong><\/td><td><strong>Konzentrat f\u00fcr die Beseitigung von organischen Verschmutzungen und Biofilmen<\/strong><br><strong>Ideal f\u00fcr die Lebensmittelbranche.<\/strong><\/td><td>10-Liter-Kanister,<br>20-Liter-Kanister,<br>600-Liter-IBC-Box,<br>1000-Liter-IBC-Box.<\/td><\/tr><tr><td><strong><a href=\"https:\/\/shop.bsw-bioscience.com\/?page_id=284\" data-type=\"page\" data-id=\"284\">MultiCleaner -K-<\/a><\/strong><\/td><td><strong>Universalreiniger-Konzentrat f\u00fcr die Beseitigung von organischen Verschmutzungen und Biofilmen<\/strong><\/td><td>5-Liter-Kanister,<br>10-Liter-Kanister,<br>20-Liter-Kanister,<br>600-Liter-IBC-Box,<br>1000-Liter-IBC-Box.<\/td><\/tr><tr><td><strong><a href=\"https:\/\/shop.bsw-bioscience.com\/?page_id=254\" data-type=\"page\" data-id=\"254\">Universal-Kraftreiniger -i-<\/a><\/strong><\/td><td><strong>Konzentrat f\u00fcr die Beseitigung hartn\u00e4ckiger Verschmutzungen (z.B. Rauchharzentfernung)<\/strong><\/td><td>5-Liter-Kanister,<br>10-Liter-Kanister,<br>20-Liter-Kanister,<br>600-Liter-IBC-Box,<br>1000-Liter-IBC-Box.<\/td><\/tr><tr><td><strong><a href=\"https:\/\/shop.bsw-bioscience.com\/?page_id=249\" data-type=\"page\" data-id=\"249\">Fliesen- &amp; Stein-Reiniger -K-<\/a><\/strong><\/td><td><strong>Konzentrat f\u00fcr die Reinigung von Fliesenb\u00f6den, Fliesenfugen und Steinb\u00f6den<\/strong><\/td><td>5-Liter-Kanister,<br>10-Liter-Kanister,<br>600-Liter-IBC-Box,<br>1000-Liter-IBC-Box.<\/td><\/tr><tr><td><strong><a href=\"https:\/\/shop.bsw-bioscience.com\/?page_id=259\" data-type=\"page\" data-id=\"259\">Waschlotion liquid<\/a><\/strong><\/td><td><strong>Handhygiene bei der Lebensmittelverarbeitung<\/strong><\/td><td>500ml-Flasche<br>5-Liter-Kanister,<br>10-Liter-Kanister,<br>600-Liter-IBC-Box,<br>1000-Liter-IBC-Box.<\/td><\/tr><tr><td><strong><a href=\"https:\/\/shop.bsw-bioscience.com\/?page_id=252\" data-type=\"page\" data-id=\"252\">Fl\u00e4chen-Entkalker<\/a><\/strong><\/td><td><strong>Saurer Reiniger<\/strong><\/td><td>500ml-Spr\u00fchflasche,<br>5-Liter-Kanister,<br>10-Liter-Kanister,<br>20-Liter-Kanister,<br>600-Liter-IBC-Box,<br>1000-Liter-IBC-Box.<\/td><\/tr><tr><td><strong><a href=\"https:\/\/shop.bsw-bioscience.com\/?page_id=262\" data-type=\"page\" data-id=\"262\">ZK3 NF3<\/a><\/strong><\/td><td><strong>Phosphatfreier Reinigungszusatz f\u00fcr Kistenwaschanlagen<\/strong><\/td><td>20-Liter-Kanister,<br>600-Liter-IBC-Box,<br>1000-Liter-IBC-Box.<\/td><\/tr><\/tbody><\/table><figcaption class=\"wp-element-caption\">PREISE und Informationen zu den Produkten AUF ANFRAGE!<\/figcaption><\/figure>\n\n\n\n<div data-wp-interactive=\"core\/file\" class=\"wp-block-file\"><object data-wp-bind--hidden=\"!state.hasPdfPreview\" hidden class=\"wp-block-file__embed\" data=\"https:\/\/shop.bsw-bioscience.com\/wp-content\/uploads\/2024\/08\/Konformitaetserklaerung-BSW-Bio-Science-Eiweissloeser-gueltig-bis-31-12-2024.pdf\" type=\"application\/pdf\" style=\"width:100%;height:200px\" aria-label=\"Einbettung von Konformitaetserklaerung BSW-Bio-Science Eiweissloeser gueltig bis 31-12-2024.\"><\/object><a id=\"wp-block-file--media-f5ae9afa-ff85-4bb1-8384-d2db77f994d4\" href=\"https:\/\/shop.bsw-bioscience.com\/wp-content\/uploads\/2024\/08\/Konformitaetserklaerung-BSW-Bio-Science-Eiweissloeser-gueltig-bis-31-12-2024.pdf\">Konformitaetserklaerung BSW-Bio-Science Eiweissloeser gueltig bis 31-12-2024<\/a><a href=\"https:\/\/shop.bsw-bioscience.com\/wp-content\/uploads\/2024\/08\/Konformitaetserklaerung-BSW-Bio-Science-Eiweissloeser-gueltig-bis-31-12-2024.pdf\" class=\"wp-block-file__button wp-element-button\" download aria-describedby=\"wp-block-file--media-f5ae9afa-ff85-4bb1-8384-d2db77f994d4\">Herunterladen<\/a><\/div>\n\n\n\n<div data-wp-interactive=\"core\/file\" class=\"wp-block-file\"><object data-wp-bind--hidden=\"!state.hasPdfPreview\" hidden class=\"wp-block-file__embed\" data=\"https:\/\/shop.bsw-bioscience.com\/wp-content\/uploads\/2024\/08\/Konformitaetserklaerung-BSW-Bio-Science-Eiweissloeser-K-gueltig-bis-31-12-2024.pdf\" type=\"application\/pdf\" style=\"width:100%;height:200px\" aria-label=\"Einbettung von Konformitaetserklaerung BSW-Bio-Science Eiweissloeser -K- gueltig bis 31-12-2024.\"><\/object><a id=\"wp-block-file--media-2f0eb999-77b2-4e1a-a563-4e571f796bf0\" href=\"https:\/\/shop.bsw-bioscience.com\/wp-content\/uploads\/2024\/08\/Konformitaetserklaerung-BSW-Bio-Science-Eiweissloeser-K-gueltig-bis-31-12-2024.pdf\">Konformitaetserklaerung BSW-Bio-Science Eiweissloeser -K- gueltig bis 31-12-2024<\/a><a href=\"https:\/\/shop.bsw-bioscience.com\/wp-content\/uploads\/2024\/08\/Konformitaetserklaerung-BSW-Bio-Science-Eiweissloeser-K-gueltig-bis-31-12-2024.pdf\" class=\"wp-block-file__button wp-element-button\" download aria-describedby=\"wp-block-file--media-2f0eb999-77b2-4e1a-a563-4e571f796bf0\">Herunterladen<\/a><\/div>\n\n\n\n<div data-wp-interactive=\"core\/file\" class=\"wp-block-file\"><object data-wp-bind--hidden=\"!state.hasPdfPreview\" hidden class=\"wp-block-file__embed\" data=\"https:\/\/shop.bsw-bioscience.com\/wp-content\/uploads\/2024\/08\/Konformitaetserklaerung-BSW-Bio-Science-MultiCleaner-K-gueltig-bis-31-12-2024.pdf\" type=\"application\/pdf\" style=\"width:100%;height:200px\" aria-label=\"Einbettung von Konformitaetserklaerung BSW-Bio-Science MultiCleaner -K- gueltig bis 31-12-2024.\"><\/object><a id=\"wp-block-file--media-4cf07dd2-a8e5-4c41-835e-0da49e14cb8e\" href=\"https:\/\/shop.bsw-bioscience.com\/wp-content\/uploads\/2024\/08\/Konformitaetserklaerung-BSW-Bio-Science-MultiCleaner-K-gueltig-bis-31-12-2024.pdf\">Konformitaetserklaerung BSW-Bio-Science MultiCleaner -K- gueltig bis 31-12-2024<\/a><a href=\"https:\/\/shop.bsw-bioscience.com\/wp-content\/uploads\/2024\/08\/Konformitaetserklaerung-BSW-Bio-Science-MultiCleaner-K-gueltig-bis-31-12-2024.pdf\" class=\"wp-block-file__button wp-element-button\" download aria-describedby=\"wp-block-file--media-4cf07dd2-a8e5-4c41-835e-0da49e14cb8e\">Herunterladen<\/a><\/div>\n\n\n\n<div data-wp-interactive=\"core\/file\" class=\"wp-block-file\"><object data-wp-bind--hidden=\"!state.hasPdfPreview\" hidden class=\"wp-block-file__embed\" data=\"https:\/\/shop.bsw-bioscience.com\/wp-content\/uploads\/2024\/08\/Konformitaetserklaerung-BSW-Bio-Science-Universal-Kraftreiniger-i-gueltig-bis-31-12-2024.pdf\" type=\"application\/pdf\" style=\"width:100%;height:200px\" aria-label=\"Einbettung von Konformitaetserklaerung BSW-Bio-Science Universal-Kraftreiniger -i- gueltig bis 31-12-2024.\"><\/object><a id=\"wp-block-file--media-10dd2894-95c4-494b-bf80-e98a979f22dc\" href=\"https:\/\/shop.bsw-bioscience.com\/wp-content\/uploads\/2024\/08\/Konformitaetserklaerung-BSW-Bio-Science-Universal-Kraftreiniger-i-gueltig-bis-31-12-2024.pdf\">Konformitaetserklaerung BSW-Bio-Science Universal-Kraftreiniger -i- gueltig bis 31-12-2024<\/a><a href=\"https:\/\/shop.bsw-bioscience.com\/wp-content\/uploads\/2024\/08\/Konformitaetserklaerung-BSW-Bio-Science-Universal-Kraftreiniger-i-gueltig-bis-31-12-2024.pdf\" class=\"wp-block-file__button wp-element-button\" download aria-describedby=\"wp-block-file--media-10dd2894-95c4-494b-bf80-e98a979f22dc\">Herunterladen<\/a><\/div>\n\n\n\n<div data-wp-interactive=\"core\/file\" class=\"wp-block-file\"><object data-wp-bind--hidden=\"!state.hasPdfPreview\" hidden class=\"wp-block-file__embed\" data=\"https:\/\/shop.bsw-bioscience.com\/wp-content\/uploads\/2024\/08\/Konformitaetserklaerung-BSW-Bio-Science-Fliesen-und-Stein-Reiniger-K-gueltig-bis-31-12-2024.pdf\" type=\"application\/pdf\" style=\"width:100%;height:200px\" aria-label=\"Einbettung von Konformitaetserklaerung BSW-Bio-Science Fliesen-und-Stein-Reiniger -K- gueltig bis 31-12-2024.\"><\/object><a id=\"wp-block-file--media-40cc612b-a647-416f-8b50-d97e45018fa9\" href=\"https:\/\/shop.bsw-bioscience.com\/wp-content\/uploads\/2024\/08\/Konformitaetserklaerung-BSW-Bio-Science-Fliesen-und-Stein-Reiniger-K-gueltig-bis-31-12-2024.pdf\">Konformitaetserklaerung BSW-Bio-Science Fliesen-und-Stein-Reiniger -K- gueltig bis 31-12-2024<\/a><a href=\"https:\/\/shop.bsw-bioscience.com\/wp-content\/uploads\/2024\/08\/Konformitaetserklaerung-BSW-Bio-Science-Fliesen-und-Stein-Reiniger-K-gueltig-bis-31-12-2024.pdf\" class=\"wp-block-file__button wp-element-button\" download aria-describedby=\"wp-block-file--media-40cc612b-a647-416f-8b50-d97e45018fa9\">Herunterladen<\/a><\/div>\n\n\n\n<div data-wp-interactive=\"core\/file\" class=\"wp-block-file\"><object data-wp-bind--hidden=\"!state.hasPdfPreview\" hidden class=\"wp-block-file__embed\" data=\"https:\/\/shop.bsw-bioscience.com\/wp-content\/uploads\/2024\/08\/Konformitaetserklaerung-BSW-Bio-Science-Flaechen-Entkalker-gueltig-bis-31-12-2024.pdf\" type=\"application\/pdf\" style=\"width:100%;height:200px\" aria-label=\"Einbettung von Konformitaetserklaerung BSW-Bio-Science Flaechen-Entkalker gueltig bis 31-12-2024.\"><\/object><a id=\"wp-block-file--media-988a90c4-c0ab-4ecd-9e84-415e517a4c76\" href=\"https:\/\/shop.bsw-bioscience.com\/wp-content\/uploads\/2024\/08\/Konformitaetserklaerung-BSW-Bio-Science-Flaechen-Entkalker-gueltig-bis-31-12-2024.pdf\">Konformitaetserklaerung BSW-Bio-Science Flaechen-Entkalker gueltig bis 31-12-2024<\/a><a href=\"https:\/\/shop.bsw-bioscience.com\/wp-content\/uploads\/2024\/08\/Konformitaetserklaerung-BSW-Bio-Science-Flaechen-Entkalker-gueltig-bis-31-12-2024.pdf\" class=\"wp-block-file__button wp-element-button\" download aria-describedby=\"wp-block-file--media-988a90c4-c0ab-4ecd-9e84-415e517a4c76\">Herunterladen<\/a><\/div>\n\n\n\n<div data-wp-interactive=\"core\/file\" class=\"wp-block-file\"><object data-wp-bind--hidden=\"!state.hasPdfPreview\" hidden class=\"wp-block-file__embed\" data=\"https:\/\/shop.bsw-bioscience.com\/wp-content\/uploads\/2024\/08\/Konformitaetserklaerung-BSW-Bio-Science-Waschlotion-liquid-gueltig-bis-31-12-2024.pdf\" type=\"application\/pdf\" style=\"width:100%;height:200px\" aria-label=\"Einbettung von Konformitaetserklaerung BSW-Bio-Science Waschlotion liquid gueltig bis 31-12-2024.\"><\/object><a id=\"wp-block-file--media-1a023cef-e7ff-4b4e-b7da-7cf46b381d0d\" href=\"https:\/\/shop.bsw-bioscience.com\/wp-content\/uploads\/2024\/08\/Konformitaetserklaerung-BSW-Bio-Science-Waschlotion-liquid-gueltig-bis-31-12-2024.pdf\">Konformitaetserklaerung BSW-Bio-Science Waschlotion liquid gueltig bis 31-12-2024<\/a><a href=\"https:\/\/shop.bsw-bioscience.com\/wp-content\/uploads\/2024\/08\/Konformitaetserklaerung-BSW-Bio-Science-Waschlotion-liquid-gueltig-bis-31-12-2024.pdf\" class=\"wp-block-file__button wp-element-button\" download aria-describedby=\"wp-block-file--media-1a023cef-e7ff-4b4e-b7da-7cf46b381d0d\">Herunterladen<\/a><\/div>\n\n\n\n<div data-wp-interactive=\"core\/file\" class=\"wp-block-file\"><object data-wp-bind--hidden=\"!state.hasPdfPreview\" hidden class=\"wp-block-file__embed\" data=\"https:\/\/shop.bsw-bioscience.com\/wp-content\/uploads\/2024\/08\/Konformitaetserklaerung-BSW-Bio-Science-ZK-3NF3-gueltig-bis-31-12-2024.pdf\" type=\"application\/pdf\" style=\"width:100%;height:200px\" aria-label=\"Einbettung von Konformitaetserklaerung BSW-Bio-Science ZK 3NF3 gueltig bis 31-12-2024.\"><\/object><a id=\"wp-block-file--media-af4d3b54-fece-47b7-85c5-f8774daae3d0\" href=\"https:\/\/shop.bsw-bioscience.com\/wp-content\/uploads\/2024\/08\/Konformitaetserklaerung-BSW-Bio-Science-ZK-3NF3-gueltig-bis-31-12-2024.pdf\">Konformitaetserklaerung BSW-Bio-Science ZK 3NF3 gueltig bis 31-12-2024<\/a><a href=\"https:\/\/shop.bsw-bioscience.com\/wp-content\/uploads\/2024\/08\/Konformitaetserklaerung-BSW-Bio-Science-ZK-3NF3-gueltig-bis-31-12-2024.pdf\" class=\"wp-block-file__button wp-element-button\" download aria-describedby=\"wp-block-file--media-af4d3b54-fece-47b7-85c5-f8774daae3d0\">Herunterladen<\/a><\/div>\n","protected":false},"excerpt":{"rendered":"<p>\u00dcberdenken Sie Ihren Chemikalieneinsatz bei der Reinigung lebensmittelverarbeitender Bereiche! &nbsp;Schonen Sie Anwender und Umwelt! In den Bereichen der Lebensmittelherstellung und -verarbeitung ist die Reinigung der Kontaktfl\u00e4chen notwendig, um z.B. Eiwei\u00dfe, Fette, Blut und pathogene Keime zu beseitigen. Letztere f\u00fchren zum Verderben der Lebensmittel oder rufen Krankheiten beim Konsumenten hervor. Die Hygiene spielt in Lebensmittelbereichen eine [&hellip;]<\/p>\n","protected":false},"author":2,"featured_media":67,"parent":90,"menu_order":0,"comment_status":"closed","ping_status":"closed","template":"template_fullwidth.php","meta":{"footnotes":""},"class_list":["post-2","page","type-page","status-publish","has-post-thumbnail","hentry"],"jetpack_sharing_enabled":true,"_links":{"self":[{"href":"https:\/\/shop.bsw-bioscience.com\/index.php?rest_route=\/wp\/v2\/pages\/2","targetHints":{"allow":["GET"]}}],"collection":[{"href":"https:\/\/shop.bsw-bioscience.com\/index.php?rest_route=\/wp\/v2\/pages"}],"about":[{"href":"https:\/\/shop.bsw-bioscience.com\/index.php?rest_route=\/wp\/v2\/types\/page"}],"author":[{"embeddable":true,"href":"https:\/\/shop.bsw-bioscience.com\/index.php?rest_route=\/wp\/v2\/users\/2"}],"replies":[{"embeddable":true,"href":"https:\/\/shop.bsw-bioscience.com\/index.php?rest_route=%2Fwp%2Fv2%2Fcomments&post=2"}],"version-history":[{"count":17,"href":"https:\/\/shop.bsw-bioscience.com\/index.php?rest_route=\/wp\/v2\/pages\/2\/revisions"}],"predecessor-version":[{"id":468,"href":"https:\/\/shop.bsw-bioscience.com\/index.php?rest_route=\/wp\/v2\/pages\/2\/revisions\/468"}],"up":[{"embeddable":true,"href":"https:\/\/shop.bsw-bioscience.com\/index.php?rest_route=\/wp\/v2\/pages\/90"}],"wp:featuredmedia":[{"embeddable":true,"href":"https:\/\/shop.bsw-bioscience.com\/index.php?rest_route=\/wp\/v2\/media\/67"}],"wp:attachment":[{"href":"https:\/\/shop.bsw-bioscience.com\/index.php?rest_route=%2Fwp%2Fv2%2Fmedia&parent=2"}],"curies":[{"name":"wp","href":"https:\/\/api.w.org\/{rel}","templated":true}]}}