{"id":183,"date":"2024-08-29T13:42:29","date_gmt":"2024-08-29T13:42:29","guid":{"rendered":"https:\/\/shop.bsw-bioscience.com\/?page_id=183"},"modified":"2024-09-03T13:05:03","modified_gmt":"2024-09-03T13:05:03","slug":"ueber-uns","status":"publish","type":"page","link":"https:\/\/shop.bsw-bioscience.com\/?page_id=183","title":{"rendered":"Unternehmen"},"content":{"rendered":"\n<h2 class=\"wp-block-heading\">\u00dcber uns!<\/h2>\n\n\n\n<p><strong>Langj\u00e4hrige Erfahrungen im Bereich der Reinigung und Reinraumtechnik haben uns dazu bewegt, praxisorientierte und effektive anwender- und umweltfreundliche Reinigungssysteme zu entwickeln<\/strong>! Wir sind Hersteller \u00f6kologischer Reinigungsmittel ohne petrochemische Zus\u00e4tze und bieten Ihnen kundenspezifische, nachhaltige Reinigungskonzepte f\u00fcr Ihren Betrieb. <\/p>\n\n\n\n<p>Die BSW-Bio-Science GmbH ist ein innovatives Unternehmen mit Sitz in Ostercappeln in Niedersachsen. Unser nachhaltiges Reinigungssystem und unsere Reinigungsmittel konnten wir bereits mehrere Jahre erfolgreich in lebensmittelverarbeitenden Bereichen mit BIO-Standard platzieren.<\/p>\n\n\n\n<p>Neben sehr guten Reinigungsergebnissen erreichen wir mit dem Einsatz unserer \u00f6kologischen Reinigungsmittel eine verbesserte Abwasserqualit\u00e4t und h\u00f6here Anwendersicherheit im Vergleich zu herk\u00f6mmlichen Reinigungsmitteln.<\/p>\n\n\n\n<p>Sind Sie Firmenkunde und haben Interesse an unseren \u00f6kologischen Reinigungsmitteln oder einem nachhaltigen, kundenspezifischen Reinigungskonzept, dann nehmen Sie bitte telefonisch oder per E-Mail Kontakt mit uns auf. <\/p>\n\n\n\n<p>Ihr Ansprechpartner: Herr Burkhard Ponitz, Telefon: 05476-9194610, E-Mail: info@bsw-bioscience.com<\/p>\n\n\n\n<p>BSW-Bio-Science GmbH<\/p>\n\n\n\n<div class=\"wp-block-buttons is-layout-flex wp-block-buttons-is-layout-flex\">\n<div class=\"wp-block-button\"><a class=\"wp-block-button__link wp-element-button\" href=\"https:\/\/shop.bsw-bioscience.com\/?page_id=90\">Nachhaltigkeit<\/a><\/div>\n\n\n\n<div class=\"wp-block-button\"><a class=\"wp-block-button__link wp-element-button\" href=\"https:\/\/shop.bsw-bioscience.com\/?page_id=176\">Impressum<\/a><\/div>\n\n\n\n<div class=\"wp-block-button\"><a class=\"wp-block-button__link wp-element-button\" href=\"https:\/\/shop.bsw-bioscience.com\/?page_id=181\">AGB<\/a><\/div>\n\n\n\n<div class=\"wp-block-button\"><a class=\"wp-block-button__link wp-element-button\" href=\"https:\/\/shop.bsw-bioscience.com\/?page_id=178\">Datenschutzerkl\u00e4rung<\/a><\/div>\n<\/div>\n","protected":false},"excerpt":{"rendered":"<p>\u00dcber uns! Langj\u00e4hrige Erfahrungen im Bereich der Reinigung und Reinraumtechnik haben uns dazu bewegt, praxisorientierte und effektive anwender- und umweltfreundliche Reinigungssysteme zu entwickeln! Wir sind Hersteller \u00f6kologischer Reinigungsmittel ohne petrochemische Zus\u00e4tze und bieten Ihnen kundenspezifische, nachhaltige Reinigungskonzepte f\u00fcr Ihren Betrieb. Die BSW-Bio-Science GmbH ist ein innovatives Unternehmen mit Sitz in Ostercappeln in Niedersachsen. Unser nachhaltiges [&hellip;]<\/p>\n","protected":false},"author":3,"featured_media":63,"parent":0,"menu_order":0,"comment_status":"closed","ping_status":"closed","template":"template_fullwidth.php","meta":{"footnotes":""},"class_list":["post-183","page","type-page","status-publish","has-post-thumbnail","hentry"],"jetpack_sharing_enabled":true,"_links":{"self":[{"href":"https:\/\/shop.bsw-bioscience.com\/index.php?rest_route=\/wp\/v2\/pages\/183","targetHints":{"allow":["GET"]}}],"collection":[{"href":"https:\/\/shop.bsw-bioscience.com\/index.php?rest_route=\/wp\/v2\/pages"}],"about":[{"href":"https:\/\/shop.bsw-bioscience.com\/index.php?rest_route=\/wp\/v2\/types\/page"}],"author":[{"embeddable":true,"href":"https:\/\/shop.bsw-bioscience.com\/index.php?rest_route=\/wp\/v2\/users\/3"}],"replies":[{"embeddable":true,"href":"https:\/\/shop.bsw-bioscience.com\/index.php?rest_route=%2Fwp%2Fv2%2Fcomments&post=183"}],"version-history":[{"count":12,"href":"https:\/\/shop.bsw-bioscience.com\/index.php?rest_route=\/wp\/v2\/pages\/183\/revisions"}],"predecessor-version":[{"id":269,"href":"https:\/\/shop.bsw-bioscience.com\/index.php?rest_route=\/wp\/v2\/pages\/183\/revisions\/269"}],"wp:featuredmedia":[{"embeddable":true,"href":"https:\/\/shop.bsw-bioscience.com\/index.php?rest_route=\/wp\/v2\/media\/63"}],"wp:attachment":[{"href":"https:\/\/shop.bsw-bioscience.com\/index.php?rest_route=%2Fwp%2Fv2%2Fmedia&parent=183"}],"curies":[{"name":"wp","href":"https:\/\/api.w.org\/{rel}","templated":true}]}}